Last updated on 2025-07-18 04:49:05 CEST.
Flavor | Version | Tinstall | Tcheck | Ttotal | Status | Flags |
---|---|---|---|---|---|---|
r-devel-linux-x86_64-debian-clang | 1.0 | 6.11 | 52.94 | 59.05 | OK | |
r-devel-linux-x86_64-debian-gcc | 1.0 | 4.57 | 40.85 | 45.42 | OK | |
r-devel-linux-x86_64-fedora-clang | 1.0 | 90.64 | OK | |||
r-devel-linux-x86_64-fedora-gcc | 1.0 | 87.95 | OK | |||
r-devel-windows-x86_64 | 1.0 | 7.00 | 64.00 | 71.00 | OK | |
r-patched-linux-x86_64 | 1.0 | 6.18 | 50.33 | 56.51 | OK | |
r-release-linux-x86_64 | 1.0 | 6.27 | 50.40 | 56.67 | OK | |
r-release-macos-arm64 | 1.0 | 31.00 | OK | |||
r-release-macos-x86_64 | 1.0 | 72.00 | OK | |||
r-release-windows-x86_64 | 1.0 | 7.00 | 64.00 | 71.00 | OK | |
r-oldrel-macos-arm64 | 1.0 | 29.00 | NOTE | |||
r-oldrel-macos-x86_64 | 1.0 | 43.00 | NOTE | |||
r-oldrel-windows-x86_64 | 1.0 | 9.00 | 76.00 | 85.00 | NOTE |
Version: 1.0
Check: LazyData
Result: NOTE
'LazyData' is specified without a 'data' directory
Flavors: r-oldrel-macos-arm64, r-oldrel-macos-x86_64, r-oldrel-windows-x86_64