Last updated on 2025-05-23 04:51:07 CEST.
Flavor | Version | Tinstall | Tcheck | Ttotal | Status | Flags |
---|---|---|---|---|---|---|
r-devel-linux-x86_64-debian-clang | 0.1.2 | 20.19 | 58.34 | 78.53 | NOTE | |
r-devel-linux-x86_64-debian-gcc | 0.1.2 | 16.24 | 41.11 | 57.35 | NOTE | |
r-devel-linux-x86_64-fedora-clang | 0.1.2 | 127.79 | OK | |||
r-devel-linux-x86_64-fedora-gcc | 0.1.2 | 150.26 | OK | |||
r-devel-windows-x86_64 | 0.1.2 | 23.00 | 96.00 | 119.00 | OK | |
r-patched-linux-x86_64 | 0.1.2 | 20.59 | 54.37 | 74.96 | OK | |
r-release-linux-x86_64 | 0.1.2 | 19.57 | 54.62 | 74.19 | OK | |
r-release-macos-arm64 | 0.1.2 | 42.00 | OK | |||
r-release-macos-x86_64 | 0.1.2 | 78.00 | OK | |||
r-release-windows-x86_64 | 0.1.2 | 22.00 | 97.00 | 119.00 | OK | |
r-oldrel-macos-arm64 | 0.1.2 | 40.00 | OK | |||
r-oldrel-macos-x86_64 | 0.1.2 | 63.00 | OK | |||
r-oldrel-windows-x86_64 | 0.1.2 | 21.00 | 115.00 | 136.00 | OK |
Version: 0.1.2
Check: CRAN incoming feasibility
Result: NOTE
Maintainer: ‘Ehouarn Le Faou <ehouarnlefaou@orange.fr>’
No Authors@R field in DESCRIPTION.
Please add one, modifying
Authors@R: person(given = "Ehouarn",
family = "Le Faou",
role = c("aut", "cre"),
email = "ehouarnlefaou@orange.fr")
as necessary.
Flavors: r-devel-linux-x86_64-debian-clang, r-devel-linux-x86_64-debian-gcc