CRAN Package Check Results for Package EpiSimR

Last updated on 2025-07-19 04:49:21 CEST.

Flavor Version Tinstall Tcheck Ttotal Status Flags
r-devel-linux-x86_64-debian-clang 1.1 5.67 49.79 55.46 NOTE
r-devel-linux-x86_64-debian-gcc 1.1 3.91 37.28 41.19 NOTE
r-devel-linux-x86_64-fedora-clang 1.1 87.92 OK
r-devel-linux-x86_64-fedora-gcc 1.1 92.08 OK
r-devel-windows-x86_64 1.1 7.00 62.00 69.00 OK
r-patched-linux-x86_64 1.1 4.42 45.27 49.69 OK
r-release-linux-x86_64 1.1 5.65 45.01 50.66 OK
r-release-macos-arm64 1.1 41.00 OK
r-release-macos-x86_64 1.1 61.00 OK
r-release-windows-x86_64 1.1 7.00 61.00 68.00 OK
r-oldrel-macos-arm64 1.1 38.00 OK
r-oldrel-macos-x86_64 1.1 66.00 OK
r-oldrel-windows-x86_64 1.1 10.00 77.00 87.00 OK

Check Details

Version: 1.1
Check: DESCRIPTION meta-information
Result: NOTE Author field differs from that derived from Authors@R Author: ‘Nassim AYAD [aut, cre] (<https://orcid.org/0000-0002-1809-0935>, Laboratory of Modeling and Biostatistics, Pasteur Institute of Algeria)’ Authors@R: ‘Nassim AYAD [aut, cre] (ORCID: <https://orcid.org/0000-0002-1809-0935>, affiliation: Laboratory of Modeling and Biostatistics, Pasteur Institute of Algeria)’ Flavors: r-devel-linux-x86_64-debian-clang, r-devel-linux-x86_64-debian-gcc