Last updated on 2025-05-23 04:51:08 CEST.
Flavor | Version | Tinstall | Tcheck | Ttotal | Status | Flags |
---|---|---|---|---|---|---|
r-devel-linux-x86_64-debian-clang | 1.0 | 23.56 | 132.64 | 156.20 | OK | |
r-devel-linux-x86_64-debian-gcc | 1.0 | 14.52 | 88.17 | 102.69 | OK | |
r-devel-linux-x86_64-fedora-clang | 1.0 | 251.92 | NOTE | |||
r-devel-linux-x86_64-fedora-gcc | 1.0 | 253.11 | NOTE | |||
r-devel-windows-x86_64 | 1.0 | 20.00 | 127.00 | 147.00 | OK | |
r-patched-linux-x86_64 | 1.0 | 22.28 | 120.66 | 142.94 | OK | |
r-release-linux-x86_64 | 1.0 | 20.21 | 123.28 | 143.49 | OK | |
r-release-macos-arm64 | 1.0 | 61.00 | OK | |||
r-release-macos-x86_64 | 1.0 | 127.00 | OK | |||
r-release-windows-x86_64 | 1.0 | 21.00 | 149.00 | 170.00 | OK | |
r-oldrel-macos-arm64 | 1.0 | 61.00 | OK | |||
r-oldrel-macos-x86_64 | 1.0 | 98.00 | OK | |||
r-oldrel-windows-x86_64 | 1.0 | 30.00 | 167.00 | 197.00 | OK |
Version: 1.0
Check: dependencies in R code
Result: NOTE
Namespaces in Imports field not imported from:
‘KMsurv’ ‘MLEcens’ ‘lubridate’ ‘msm’ ‘perm’
All declared Imports should be used.
Flavors: r-devel-linux-x86_64-fedora-clang, r-devel-linux-x86_64-fedora-gcc