CRAN Package Check Results for Package FRAPO

Last updated on 2025-05-24 04:49:14 CEST.

Flavor Version Tinstall Tcheck Ttotal Status Flags
r-devel-linux-x86_64-debian-clang 0.4-1 11.46 70.67 82.13 NOTE
r-devel-linux-x86_64-debian-gcc 0.4-1 8.74 50.23 58.97 NOTE
r-devel-linux-x86_64-fedora-clang 0.4-1 131.50 NOTE
r-devel-linux-x86_64-fedora-gcc 0.4-1 133.00 NOTE
r-devel-windows-x86_64 0.4-1 14.00 91.00 105.00 NOTE
r-patched-linux-x86_64 0.4-1 11.03 68.40 79.43 NOTE
r-release-linux-x86_64 0.4-1 12.02 67.44 79.46 NOTE
r-release-macos-arm64 0.4-1 42.00 NOTE
r-release-macos-x86_64 0.4-1 70.00 NOTE
r-release-windows-x86_64 0.4-1 12.00 88.00 100.00 NOTE
r-oldrel-macos-arm64 0.4-1 37.00 NOTE
r-oldrel-macos-x86_64 0.4-1 56.00 NOTE
r-oldrel-windows-x86_64 0.4-1 17.00 107.00 124.00 NOTE

Check Details

Version: 0.4-1
Check: CRAN incoming feasibility
Result: NOTE Maintainer: ‘Bernhard Pfaff <bernhard@pfaffikus.de>’ Package CITATION file contains call(s) to old-style personList() or as.personList(). Please use c() on person objects instead. Package CITATION file contains call(s) to old-style citEntry(). Please use bibentry() instead. Flavors: r-devel-linux-x86_64-debian-clang, r-devel-linux-x86_64-debian-gcc

Version: 0.4-1
Check: Rd files
Result: NOTE checkRd: (-1) MultiAsset.Rd:26: Escaped LaTeX specials: \& Flavors: r-devel-linux-x86_64-debian-clang, r-devel-linux-x86_64-debian-gcc, r-devel-linux-x86_64-fedora-clang, r-devel-linux-x86_64-fedora-gcc, r-devel-windows-x86_64, r-patched-linux-x86_64, r-release-linux-x86_64, r-release-macos-arm64, r-release-macos-x86_64, r-release-windows-x86_64, r-oldrel-macos-arm64, r-oldrel-macos-x86_64, r-oldrel-windows-x86_64