Last updated on 2025-07-17 04:54:39 CEST.
Flavor | Version | Tinstall | Tcheck | Ttotal | Status | Flags |
---|---|---|---|---|---|---|
r-devel-linux-x86_64-debian-clang | 1.4.2 | 26.71 | 297.42 | 324.13 | OK | |
r-devel-linux-x86_64-debian-gcc | 1.4.2 | 18.99 | 191.54 | 210.53 | OK | |
r-devel-linux-x86_64-fedora-clang | 1.4.2 | 508.78 | OK | |||
r-devel-linux-x86_64-fedora-gcc | 1.4.2 | 508.62 | OK | |||
r-devel-windows-x86_64 | 1.4.2 | 29.00 | 255.00 | 284.00 | OK | |
r-patched-linux-x86_64 | 1.4.2 | 26.22 | 278.35 | 304.57 | OK | |
r-release-linux-x86_64 | 1.4.2 | 24.81 | 282.08 | 306.89 | OK | |
r-release-macos-arm64 | 1.4.2 | 129.00 | OK | |||
r-release-macos-x86_64 | 1.4.2 | 275.00 | OK | |||
r-release-windows-x86_64 | 1.4.2 | 29.00 | 257.00 | 286.00 | OK | |
r-oldrel-macos-arm64 | 1.4.2 | 134.00 | NOTE | |||
r-oldrel-macos-x86_64 | 1.4.2 | 407.00 | NOTE | |||
r-oldrel-windows-x86_64 | 1.4.2 | 37.00 | 347.00 | 384.00 | OK |
Version: 1.4.2
Check: installed package size
Result: NOTE
installed size is 5.8Mb
sub-directories of 1Mb or more:
R 2.0Mb
doc 1.8Mb
help 1.1Mb
Flavors: r-oldrel-macos-arm64, r-oldrel-macos-x86_64