Last updated on 2025-05-23 04:51:08 CEST.
Flavor | Version | Tinstall | Tcheck | Ttotal | Status | Flags |
---|---|---|---|---|---|---|
r-devel-linux-x86_64-debian-clang | 1.3.1 | 3021.18 | 256.13 | 3277.31 | OK | |
r-devel-linux-x86_64-debian-gcc | 1.3.1 | 2278.11 | 392.88 | 2670.99 | OK | |
r-devel-windows-x86_64 | 1.3.1 | 3113.00 | 531.00 | 3644.00 | OK | |
r-patched-linux-x86_64 | 1.3.1 | 3460.05 | 546.95 | 4007.00 | OK | |
r-release-linux-x86_64 | 1.3.1 | 3416.93 | 549.44 | 3966.37 | OK | |
r-release-macos-arm64 | 1.3.1 | 768.00 | OK | |||
r-release-macos-x86_64 | 1.3.1 | 846.00 | OK | |||
r-release-windows-x86_64 | 1.3.1 | 2811.00 | 531.00 | 3342.00 | OK | |
r-oldrel-macos-arm64 | 1.3.1 | 861.00 | NOTE | |||
r-oldrel-macos-x86_64 | 1.3.1 | 874.00 | NOTE | |||
r-oldrel-windows-x86_64 | 1.3.1 | 3451.00 | 638.00 | 4089.00 | NOTE |
Version: 1.3.1
Check: installed package size
Result: NOTE
installed size is 315.7Mb
sub-directories of 1Mb or more:
libs 314.5Mb
Flavors: r-oldrel-macos-arm64, r-oldrel-macos-x86_64, r-oldrel-windows-x86_64
Version: 1.3.1
Check: for GNU extensions in Makefiles
Result: NOTE
GNU make is a SystemRequirements.
Flavors: r-oldrel-macos-arm64, r-oldrel-macos-x86_64, r-oldrel-windows-x86_64