CRAN Package Check Results for Package FracKrigingR

Last updated on 2025-07-19 04:49:22 CEST.

Flavor Version Tinstall Tcheck Ttotal Status Flags
r-devel-linux-x86_64-debian-clang 1.0.0 1.85 26.92 28.77 OK
r-devel-linux-x86_64-debian-gcc 1.0.0 1.45 20.06 21.51 OK
r-devel-linux-x86_64-fedora-clang 1.0.0 47.93 NOTE
r-devel-linux-x86_64-fedora-gcc 1.0.0 49.15 NOTE
r-devel-windows-x86_64 1.0.0 3.00 48.00 51.00 OK
r-patched-linux-x86_64 1.0.0 1.74 25.77 27.51 OK
r-release-linux-x86_64 1.0.0 1.86 25.51 27.37 OK
r-release-macos-arm64 1.0.0 20.00 OK
r-release-macos-x86_64 1.0.0 35.00 OK
r-release-windows-x86_64 1.0.0 3.00 46.00 49.00 OK
r-oldrel-macos-arm64 1.0.0 17.00 OK
r-oldrel-macos-x86_64 1.0.0 25.00 OK
r-oldrel-windows-x86_64 1.0.0 3.00 51.00 54.00 OK

Check Details

Version: 1.0.0
Check: dependencies in R code
Result: NOTE Namespace in Imports field not imported from: ‘psych’ All declared Imports should be used. Flavors: r-devel-linux-x86_64-fedora-clang, r-devel-linux-x86_64-fedora-gcc