CRAN Package Check Results for Package GDAdata

Last updated on 2025-07-17 04:54:40 CEST.

Flavor Version Tinstall Tcheck Ttotal Status Flags
r-devel-linux-x86_64-debian-clang 0.93 1.35 17.64 18.99 NOTE
r-devel-linux-x86_64-debian-gcc 0.93 1.07 14.37 15.44 NOTE
r-devel-linux-x86_64-fedora-clang 0.93 30.70 OK
r-devel-linux-x86_64-fedora-gcc 0.93 29.07 OK
r-devel-windows-x86_64 0.93 3.00 44.00 47.00 OK
r-patched-linux-x86_64 0.93 1.33 16.50 17.83 OK
r-release-linux-x86_64 0.93 1.35 16.50 17.85 OK
r-release-macos-arm64 0.93 16.00 OK
r-release-macos-x86_64 0.93 24.00 OK
r-release-windows-x86_64 0.93 2.00 45.00 47.00 OK
r-oldrel-macos-arm64 0.93 15.00 OK
r-oldrel-macos-x86_64 0.93 21.00 OK
r-oldrel-windows-x86_64 0.93 3.00 50.00 53.00 OK

Check Details

Version: 0.93
Check: CRAN incoming feasibility
Result: NOTE Maintainer: ‘Antony Unwin<unwin@math.uni-augsburg.de>’ No Authors@R field in DESCRIPTION. Please add one, modifying Authors@R: person(given = "Antony", family = "Unwin", role = c("aut", "cre"), email = "unwin@math.uni-augsburg.de") as necessary. Flavors: r-devel-linux-x86_64-debian-clang, r-devel-linux-x86_64-debian-gcc