Last updated on 2025-07-17 04:54:40 CEST.
Flavor | Version | Tinstall | Tcheck | Ttotal | Status | Flags |
---|---|---|---|---|---|---|
r-devel-linux-x86_64-debian-clang | 1.15.8 | 29.11 | 225.38 | 254.49 | NOTE | |
r-devel-linux-x86_64-debian-gcc | 1.15.8 | 17.48 | 144.15 | 161.63 | NOTE | |
r-devel-linux-x86_64-fedora-clang | 1.15.8 | 387.68 | OK | |||
r-devel-linux-x86_64-fedora-gcc | 1.15.8 | 384.75 | OK | |||
r-devel-windows-x86_64 | 1.15.8 | 23.00 | 172.00 | 195.00 | OK | |
r-patched-linux-x86_64 | 1.15.8 | 26.84 | 217.10 | 243.94 | OK | |
r-release-linux-x86_64 | 1.15.8 | 20.29 | 216.82 | 237.11 | OK | |
r-release-macos-arm64 | 1.15.8 | 92.00 | OK | |||
r-release-macos-x86_64 | 1.15.8 | 188.00 | OK | |||
r-release-windows-x86_64 | 1.15.8 | 24.00 | 175.00 | 199.00 | OK | |
r-oldrel-macos-arm64 | 1.15.8 | 81.00 | OK | |||
r-oldrel-macos-x86_64 | 1.15.8 | 135.00 | OK | |||
r-oldrel-windows-x86_64 | 1.15.8 | 33.00 | 241.00 | 274.00 | OK |
Version: 1.15.8
Check: CRAN incoming feasibility
Result: NOTE
Maintainer: ‘Subhadip Datta <subhadipdatta007@gmail.com>’
No Authors@R field in DESCRIPTION.
Please add one, modifying
Authors@R: person(given = "Subhadip",
family = "Datta",
role = c("aut", "cre"),
email = "subhadipdatta007@gmail.com")
as necessary.
Flavors: r-devel-linux-x86_64-debian-clang, r-devel-linux-x86_64-debian-gcc