CRAN Package Check Results for Package GLMaSPU

Last updated on 2025-07-20 04:51:02 CEST.

Flavor Version Tinstall Tcheck Ttotal Status Flags
r-devel-linux-x86_64-debian-clang 1.0 21.54 27.01 48.55 NOTE
r-devel-linux-x86_64-debian-gcc 1.0 15.17 22.52 37.69 NOTE
r-devel-linux-x86_64-fedora-clang 1.0 86.61 NOTE
r-devel-linux-x86_64-fedora-gcc 1.0 76.30 NOTE
r-devel-windows-x86_64 1.0 26.00 64.00 90.00 OK
r-patched-linux-x86_64 1.0 19.18 25.77 44.95 OK
r-release-linux-x86_64 1.0 20.90 26.01 46.91 OK
r-release-macos-arm64 1.0 28.00 OK
r-release-macos-x86_64 1.0 41.00 OK
r-release-windows-x86_64 1.0 25.00 65.00 90.00 OK
r-oldrel-macos-arm64 1.0 26.00 OK
r-oldrel-macos-x86_64 1.0 36.00 OK
r-oldrel-windows-x86_64 1.0 30.00 76.00 106.00 OK

Check Details

Version: 1.0
Check: CRAN incoming feasibility
Result: NOTE Maintainer: ‘Chong Wu <wuxx0845@umn.edu>’ No Authors@R field in DESCRIPTION. Please add one, modifying Authors@R: c(person(given = "Chong", family = "Wu", role = c("aut", "cre"), email = "wuxx0845@umn.edu"), person(given = "Wei", family = "Pan", role = "aut")) as necessary. Flavors: r-devel-linux-x86_64-debian-clang, r-devel-linux-x86_64-debian-gcc

Version: 1.0
Check: compiled code
Result: NOTE File ‘GLMaSPU/libs/GLMaSPU.so’: Found no calls to: ‘R_registerRoutines’, ‘R_useDynamicSymbols’ It is good practice to register native routines and to disable symbol search. See ‘Writing portable packages’ in the ‘Writing R Extensions’ manual. Flavors: r-devel-linux-x86_64-fedora-clang, r-devel-linux-x86_64-fedora-gcc