Last updated on 2025-05-23 04:51:10 CEST.
Flavor | Version | Tinstall | Tcheck | Ttotal | Status | Flags |
---|---|---|---|---|---|---|
r-devel-linux-x86_64-debian-clang | 1.0.2 | 7.70 | 63.95 | 71.65 | NOTE | |
r-devel-linux-x86_64-debian-gcc | 1.0.2 | 5.08 | 45.96 | 51.04 | NOTE | |
r-devel-linux-x86_64-fedora-clang | 1.0.2 | 115.01 | OK | |||
r-devel-linux-x86_64-fedora-gcc | 1.0.2 | 122.59 | OK | |||
r-devel-windows-x86_64 | 1.0.2 | 10.00 | 79.00 | 89.00 | OK | |
r-patched-linux-x86_64 | 1.0.2 | 7.51 | 60.74 | 68.25 | OK | |
r-release-linux-x86_64 | 1.0.2 | 7.45 | 61.10 | 68.55 | OK | |
r-release-macos-arm64 | 1.0.2 | 47.00 | OK | |||
r-release-macos-x86_64 | 1.0.2 | 80.00 | OK | |||
r-release-windows-x86_64 | 1.0.2 | 10.00 | 79.00 | 89.00 | OK | |
r-oldrel-macos-arm64 | 1.0.2 | 37.00 | OK | |||
r-oldrel-macos-x86_64 | 1.0.2 | 61.00 | OK | |||
r-oldrel-windows-x86_64 | 1.0.2 | 12.00 | 93.00 | 105.00 | OK |
Version: 1.0.2
Check: CRAN incoming feasibility
Result: NOTE
Maintainer: ‘Wencke Walter <wencke.walter@arcor.de>’
Package CITATION file contains call(s) to old-style personList() or
as.personList(). Please use c() on person objects instead.
Package CITATION file contains call(s) to old-style citEntry(). Please
use bibentry() instead.
Flavors: r-devel-linux-x86_64-debian-clang, r-devel-linux-x86_64-debian-gcc