Last updated on 2025-05-23 04:51:10 CEST.
Flavor | Version | Tinstall | Tcheck | Ttotal | Status | Flags |
---|---|---|---|---|---|---|
r-devel-linux-x86_64-debian-clang | 1.2.8 | 144.93 | 333.68 | 478.61 | OK | |
r-devel-linux-x86_64-debian-gcc | 1.2.8 | 91.61 | 231.79 | 323.40 | OK | |
r-devel-linux-x86_64-fedora-clang | 1.2.8 | 785.21 | OK | |||
r-devel-linux-x86_64-fedora-gcc | 1.2.8 | 796.75 | OK | |||
r-devel-windows-x86_64 | 1.2.8 | 173.00 | 330.00 | 503.00 | OK | |
r-patched-linux-x86_64 | 1.2.8 | 144.29 | 312.38 | 456.67 | OK | |
r-release-linux-x86_64 | 1.2.8 | 141.41 | 315.21 | 456.62 | OK | |
r-release-macos-arm64 | 1.2.8 | 158.00 | OK | |||
r-release-macos-x86_64 | 1.2.8 | 321.00 | OK | |||
r-release-windows-x86_64 | 1.2.8 | 172.00 | 333.00 | 505.00 | OK | |
r-oldrel-macos-arm64 | 1.2.8 | 215.00 | ERROR | |||
r-oldrel-macos-x86_64 | 1.2.8 | 387.00 | ERROR | |||
r-oldrel-windows-x86_64 | 1.2.8 | 237.00 | 411.00 | 648.00 | NOTE |
Version: 1.2.8
Check: whether package can be installed
Result: ERROR
Installation failed.
Flavors: r-oldrel-macos-arm64, r-oldrel-macos-x86_64
Version: 1.2.8
Check: installed package size
Result: NOTE
installed size is 6.3Mb
sub-directories of 1Mb or more:
R 5.7Mb
Flavor: r-oldrel-windows-x86_64