Last updated on 2025-07-17 04:54:41 CEST.
Flavor | Version | Tinstall | Tcheck | Ttotal | Status | Flags |
---|---|---|---|---|---|---|
r-devel-linux-x86_64-debian-clang | 0.99.3 | 56.47 | 456.33 | 512.80 | OK | |
r-devel-linux-x86_64-debian-gcc | 0.99.3 | 39.58 | 342.65 | 382.23 | OK | |
r-devel-linux-x86_64-fedora-clang | 0.99.3 | 793.33 | OK | |||
r-devel-linux-x86_64-fedora-gcc | 0.99.3 | 810.91 | OK | |||
r-devel-windows-x86_64 | 0.99.3 | 12.00 | 21.00 | 33.00 | ERROR | |
r-patched-linux-x86_64 | 0.99.3 | 48.78 | 434.92 | 483.70 | OK | |
r-release-linux-x86_64 | 0.99.3 | 47.16 | 433.68 | 480.84 | OK | |
r-release-macos-arm64 | 0.99.3 | 312.00 | OK | |||
r-release-macos-x86_64 | 0.99.3 | 499.00 | OK | |||
r-release-windows-x86_64 | 0.99.3 | 53.00 | 364.00 | 417.00 | OK | |
r-oldrel-macos-arm64 | 0.99.3 | 194.00 | OK | |||
r-oldrel-macos-x86_64 | 0.99.3 | 375.00 | OK | |||
r-oldrel-windows-x86_64 | 0.99.3 | 71.00 | 476.00 | 547.00 | OK |
Version: 0.99.3
Check: whether package can be installed
Result: ERROR
Installation failed.
Flavor: r-devel-windows-x86_64