Last updated on 2025-05-23 04:51:09 CEST.
Flavor | Version | Tinstall | Tcheck | Ttotal | Status | Flags |
---|---|---|---|---|---|---|
r-devel-linux-x86_64-debian-clang | 0.2.0 | 6.45 | 1542.12 | 1548.57 | OK | |
r-devel-linux-x86_64-debian-gcc | 0.2.0 | 4.49 | 889.33 | 893.82 | OK | |
r-devel-linux-x86_64-fedora-clang | 0.2.0 | 2657.51 | OK | |||
r-devel-linux-x86_64-fedora-gcc | 0.2.0 | 2103.89 | ERROR | |||
r-devel-windows-x86_64 | 0.2.0 | 9.00 | 1186.00 | 1195.00 | OK | |
r-patched-linux-x86_64 | 0.2.0 | 6.66 | 1405.33 | 1411.99 | OK | |
r-release-linux-x86_64 | 0.2.0 | 6.90 | 1444.36 | 1451.26 | OK | |
r-release-macos-arm64 | 0.2.0 | 481.00 | OK | |||
r-release-macos-x86_64 | 0.2.0 | 1204.00 | OK | |||
r-release-windows-x86_64 | 0.2.0 | 10.00 | 1172.00 | 1182.00 | OK | |
r-oldrel-macos-arm64 | 0.2.0 | 504.00 | OK | |||
r-oldrel-macos-x86_64 | 0.2.0 | 874.00 | OK | |||
r-oldrel-windows-x86_64 | 0.2.0 | 10.00 | 1608.00 | 1618.00 | OK |
Version: 0.2.0
Check: re-building of vignette outputs
Result: ERROR
Error(s) in re-building vignettes:
Warning: elapsed-time limit of 1 hours reached for sub-process
--- re-building ‘introduction.Rmd’ using rmarkdown
Quitting from introduction.Rmd:69-91 [unnamed-chunk-4]
Execution halted
--- re-building ‘package_data.Rmd’ using rmarkdown
--- finished re-building ‘package_data.Rmd’
SUMMARY: processing the following file failed:
‘introduction.Rmd’
Error: Vignette re-building failed.
Execution halted
Flavor: r-devel-linux-x86_64-fedora-gcc