Last updated on 2025-05-23 04:51:09 CEST.
Flavor | Version | Tinstall | Tcheck | Ttotal | Status | Flags |
---|---|---|---|---|---|---|
r-devel-linux-x86_64-debian-clang | 0.1.0 | 11.74 | 101.86 | 113.60 | NOTE | |
r-devel-linux-x86_64-debian-gcc | 0.1.0 | 9.46 | 73.29 | 82.75 | NOTE | |
r-devel-linux-x86_64-fedora-clang | 0.1.0 | 195.94 | OK | |||
r-devel-linux-x86_64-fedora-gcc | 0.1.0 | 181.13 | OK | |||
r-devel-windows-x86_64 | 0.1.0 | 15.00 | 108.00 | 123.00 | OK | |
r-patched-linux-x86_64 | 0.1.0 | 13.42 | 98.49 | 111.91 | OK | |
r-release-linux-x86_64 | 0.1.0 | 13.80 | 98.67 | 112.47 | OK | |
r-release-macos-arm64 | 0.1.0 | 68.00 | OK | |||
r-release-macos-x86_64 | 0.1.0 | 111.00 | OK | |||
r-release-windows-x86_64 | 0.1.0 | 15.00 | 134.00 | 149.00 | OK | |
r-oldrel-macos-arm64 | 0.1.0 | 63.00 | OK | |||
r-oldrel-macos-x86_64 | 0.1.0 | 88.00 | OK | |||
r-oldrel-windows-x86_64 | 0.1.0 | 18.00 | 133.00 | 151.00 | OK |
Version: 0.1.0
Check: CRAN incoming feasibility
Result: NOTE
Maintainer: ‘Zihuai He <zihuai@stanford.edu>’
No Authors@R field in DESCRIPTION.
Please add one, modifying
Authors@R: person(given = "Zihuai",
family = "He",
role = c("aut", "cre"),
email = "zihuai@stanford.edu")
as necessary.
Flavors: r-devel-linux-x86_64-debian-clang, r-devel-linux-x86_64-debian-gcc