Last updated on 2025-07-19 04:49:23 CEST.
Flavor | Version | Tinstall | Tcheck | Ttotal | Status | Flags |
---|---|---|---|---|---|---|
r-devel-linux-x86_64-debian-clang | 1.2 | 64.89 | 22.00 | 86.89 | NOTE | |
r-devel-linux-x86_64-debian-gcc | 1.2 | 43.73 | 17.82 | 61.55 | NOTE | |
r-devel-linux-x86_64-fedora-clang | 1.2 | 178.16 | NOTE | |||
r-devel-linux-x86_64-fedora-gcc | 1.2 | 137.32 | NOTE | |||
r-devel-windows-x86_64 | 1.2 | 75.00 | 61.00 | 136.00 | NOTE | |
r-patched-linux-x86_64 | 1.2 | 59.90 | 20.81 | 80.71 | NOTE | |
r-release-linux-x86_64 | 1.2 | 60.89 | 20.93 | 81.82 | NOTE | |
r-release-macos-arm64 | 1.2 | 42.00 | NOTE | |||
r-release-macos-x86_64 | 1.2 | 54.00 | NOTE | |||
r-release-windows-x86_64 | 1.2 | 76.00 | 57.00 | 133.00 | NOTE | |
r-oldrel-macos-arm64 | 1.2 | 39.00 | NOTE | |||
r-oldrel-macos-x86_64 | 1.2 | 43.00 | NOTE | |||
r-oldrel-windows-x86_64 | 1.2 | 91.00 | 69.00 | 160.00 | NOTE |
Version: 1.2
Check: Rd files
Result: NOTE
checkRd: (-1) MinimiseEPL.Rd:17: Lost braces in \itemize; meant \describe ?
checkRd: (-1) MinimiseEPL.Rd:18: Lost braces in \itemize; meant \describe ?
checkRd: (-1) MinimiseEPL.Rd:19: Lost braces in \itemize; meant \describe ?
checkRd: (-1) MinimiseEPL.Rd:20: Lost braces in \itemize; meant \describe ?
Flavors: r-devel-linux-x86_64-debian-clang, r-devel-linux-x86_64-debian-gcc, r-devel-linux-x86_64-fedora-clang, r-devel-linux-x86_64-fedora-gcc, r-devel-windows-x86_64, r-patched-linux-x86_64, r-release-linux-x86_64, r-release-macos-arm64, r-release-macos-x86_64, r-release-windows-x86_64, r-oldrel-macos-arm64, r-oldrel-macos-x86_64, r-oldrel-windows-x86_64