Last updated on 2025-10-30 03:50:51 CET.
| Flavor | Version | Tinstall | Tcheck | Ttotal | Status | Flags | 
|---|---|---|---|---|---|---|
| r-devel-linux-x86_64-debian-clang | 2.0 | 13.85 | 37.92 | 51.77 | NOTE | |
| r-devel-linux-x86_64-debian-gcc | 2.0 | 10.11 | 30.32 | 40.43 | NOTE | |
| r-devel-linux-x86_64-fedora-clang | 2.0 | 84.00 | 4.46 | 88.46 | NOTE | |
| r-devel-linux-x86_64-fedora-gcc | 2.0 | 37.00 | 40.50 | 77.50 | NOTE | |
| r-devel-windows-x86_64 | 2.0 | 20.00 | 73.00 | 93.00 | NOTE | |
| r-patched-linux-x86_64 | 2.0 | 15.56 | 36.09 | 51.65 | NOTE | |
| r-release-linux-x86_64 | 2.0 | 13.62 | 36.02 | 49.64 | NOTE | |
| r-release-macos-arm64 | 2.0 | 8.00 | 21.00 | 29.00 | NOTE | |
| r-release-macos-x86_64 | 2.0 | 12.00 | 37.00 | 49.00 | NOTE | |
| r-release-windows-x86_64 | 2.0 | 22.00 | 74.00 | 96.00 | NOTE | |
| r-oldrel-macos-arm64 | 2.0 | 7.00 | 21.00 | 28.00 | NOTE | |
| r-oldrel-macos-x86_64 | 2.0 | 13.00 | 30.00 | 43.00 | NOTE | |
| r-oldrel-windows-x86_64 | 2.0 | 25.00 | 86.00 | 111.00 | NOTE | 
Version: 2.0
Check: CRAN incoming feasibility
Result: NOTE
  Maintainer: ‘Natalia Novoselova <novos65@mail.ru>’
  
  No Authors@R field in DESCRIPTION.
  Please add one, modifying
    Authors@R: c(person(given = c("Natalia", "Novoselova,Junxi", "Wang,Jialiang"),
                        family = "Li",
                        role = "aut"),
                 person(given = c("Frank", "Pessler,Frank"),
                        family = "Klawonn",
                        role = "aut"),
                 person(given = "Natalia",
                        family = "Novoselova",
                        role = "cre",
                        email = "novos65@mail.ru"))
  as necessary.
Flavors: r-devel-linux-x86_64-debian-clang, r-devel-linux-x86_64-debian-gcc
Version: 2.0
Check: Rd files
Result: NOTE
  checkRd: (-1) CalcROC.Rd:47: Lost braces
      47 | The accuracy of the classifier is the mean value of dQuote{(optSn, optSp)} for two-class problem and the mean value of \dQuote{(optSn, optSp,optS3)} for three-class problem.
         |                                                           ^
Flavors: r-devel-linux-x86_64-debian-clang, r-devel-linux-x86_64-debian-gcc, r-devel-linux-x86_64-fedora-clang, r-devel-linux-x86_64-fedora-gcc, r-devel-windows-x86_64, r-patched-linux-x86_64, r-release-linux-x86_64, r-release-macos-arm64, r-release-macos-x86_64, r-release-windows-x86_64, r-oldrel-macos-arm64, r-oldrel-macos-x86_64, r-oldrel-windows-x86_64