CRAN Package Check Results for Package HyperG

Last updated on 2025-07-19 04:49:24 CEST.

Flavor Version Tinstall Tcheck Ttotal Status Flags
r-devel-linux-x86_64-debian-clang 1.0.0 8.39 82.25 90.64 NOTE
r-devel-linux-x86_64-debian-gcc 1.0.0 7.59 59.58 67.17 NOTE
r-devel-linux-x86_64-fedora-clang 1.0.0 138.72 OK
r-devel-linux-x86_64-fedora-gcc 1.0.0 127.99 OK
r-devel-windows-x86_64 1.0.0 11.00 101.00 112.00 OK
r-patched-linux-x86_64 1.0.0 10.26 75.89 86.15 OK
r-release-linux-x86_64 1.0.0 9.78 75.71 85.49 OK
r-release-macos-arm64 1.0.0 40.00 OK
r-release-macos-x86_64 1.0.0 66.00 OK
r-release-windows-x86_64 1.0.0 12.00 105.00 117.00 OK
r-oldrel-macos-arm64 1.0.0 37.00 OK
r-oldrel-macos-x86_64 1.0.0 56.00 OK
r-oldrel-windows-x86_64 1.0.0 14.00 121.00 135.00 OK

Check Details

Version: 1.0.0
Check: CRAN incoming feasibility
Result: NOTE Maintainer: ‘David J. Marchette <dmarchette@gmail.com>’ No Authors@R field in DESCRIPTION. Please add one, modifying Authors@R: person(given = c("David", "J."), family = "Marchette", role = c("aut", "cre"), email = "dmarchette@gmail.com") as necessary. Flavors: r-devel-linux-x86_64-debian-clang, r-devel-linux-x86_64-debian-gcc