Last updated on 2025-07-19 04:49:24 CEST.
Flavor | Version | Tinstall | Tcheck | Ttotal | Status | Flags |
---|---|---|---|---|---|---|
r-devel-linux-x86_64-debian-clang | 3.0.11 | 51.06 | 775.98 | 827.04 | OK | |
r-devel-linux-x86_64-debian-gcc | 3.0.11 | 39.21 | 511.19 | 550.40 | OK | |
r-devel-linux-x86_64-fedora-clang | 3.0.11 | 1172.34 | OK | |||
r-devel-linux-x86_64-fedora-gcc | 3.0.11 | 1270.57 | OK | |||
r-devel-windows-x86_64 | 3.0.11 | 55.00 | 602.00 | 657.00 | OK | |
r-patched-linux-x86_64 | 3.0.11 | 51.59 | 682.53 | 734.12 | OK | |
r-release-linux-x86_64 | 3.0.11 | 52.15 | 676.08 | 728.23 | OK | |
r-release-macos-arm64 | 3.0.11 | 183.00 | OK | |||
r-release-macos-x86_64 | 3.0.11 | 361.00 | OK | |||
r-release-windows-x86_64 | 3.0.11 | 52.00 | 592.00 | 644.00 | OK | |
r-oldrel-macos-arm64 | 3.0.11 | 186.00 | NOTE | |||
r-oldrel-macos-x86_64 | 3.0.11 | 349.00 | NOTE | |||
r-oldrel-windows-x86_64 | 3.0.11 | 74.00 | 810.00 | 884.00 | OK |
Version: 3.0.11
Check: package dependencies
Result: NOTE
Packages suggested but not available for checking:
'BSgenome.Hsapiens.1000genomes.hs37d5',
'BSgenome.Hsapiens.UCSC.hg38', 'BSgenome.Mmusculus.UCSC.mm10'
Flavors: r-oldrel-macos-arm64, r-oldrel-macos-x86_64