Last updated on 2025-07-19 04:49:24 CEST.
Flavor | Version | Tinstall | Tcheck | Ttotal | Status | Flags |
---|---|---|---|---|---|---|
r-devel-linux-x86_64-debian-clang | 0.4-0 | 10.08 | 125.45 | 135.53 | NOTE | |
r-devel-linux-x86_64-debian-gcc | 0.4-0 | 7.09 | 94.33 | 101.42 | NOTE | |
r-devel-linux-x86_64-fedora-clang | 0.4-0 | 201.82 | OK | |||
r-devel-linux-x86_64-fedora-gcc | 0.4-0 | 192.89 | OK | |||
r-devel-windows-x86_64 | 0.4-0 | 10.00 | 177.00 | 187.00 | NOTE | |
r-patched-linux-x86_64 | 0.4-0 | 9.81 | 128.28 | 138.09 | NOTE | |
r-release-linux-x86_64 | 0.4-0 | 9.48 | 124.91 | 134.39 | NOTE | |
r-release-macos-arm64 | 0.4-0 | 86.00 | OK | |||
r-release-macos-x86_64 | 0.4-0 | 183.00 | OK | |||
r-release-windows-x86_64 | 0.4-0 | 10.00 | 174.00 | 184.00 | NOTE | |
r-oldrel-macos-arm64 | 0.4-0 | 80.00 | OK | |||
r-oldrel-macos-x86_64 | 0.4-0 | 132.00 | OK | |||
r-oldrel-windows-x86_64 | 0.4-0 | 13.00 | 220.00 | 233.00 | OK |
Version: 0.4-0
Check: Rd cross-references
Result: NOTE
Found the following Rd file(s) with Rd \link{} targets missing package
anchors:
ics.distances.Rd: ics2
icsOut-class.Rd: plot.ics
Please provide package anchors for all Rd \link{} targets not in the
package itself and the base packages.
Flavors: r-devel-linux-x86_64-debian-clang, r-devel-linux-x86_64-debian-gcc, r-devel-windows-x86_64, r-patched-linux-x86_64, r-release-linux-x86_64, r-release-windows-x86_64