CRAN Package Check Results for Package IPWboxplot

Last updated on 2025-07-17 04:54:42 CEST.

Flavor Version Tinstall Tcheck Ttotal Status Flags
r-devel-linux-x86_64-debian-clang 0.1.2 2.20 26.15 28.35 NOTE
r-devel-linux-x86_64-debian-gcc 0.1.2 1.52 21.33 22.85 NOTE
r-devel-linux-x86_64-fedora-clang 0.1.2 44.75 OK
r-devel-linux-x86_64-fedora-gcc 0.1.2 62.98 OK
r-devel-windows-x86_64 0.1.2 4.00 45.00 49.00 OK
r-patched-linux-x86_64 0.1.2 2.19 25.31 27.50 OK
r-release-linux-x86_64 0.1.2 2.32 24.90 27.22 OK
r-release-macos-arm64 0.1.2 27.00 OK
r-release-macos-x86_64 0.1.2 47.00 OK
r-release-windows-x86_64 0.1.2 5.00 47.00 52.00 OK
r-oldrel-macos-arm64 0.1.2 24.00 OK
r-oldrel-macos-x86_64 0.1.2 36.00 OK
r-oldrel-windows-x86_64 0.1.2 4.00 53.00 57.00 OK

Check Details

Version: 0.1.2
Check: CRAN incoming feasibility
Result: NOTE Maintainer: ‘Ana Perez-Gonzalez <anapg@uvigo.es>’ No Authors@R field in DESCRIPTION. Please add one, modifying Authors@R: c(person(given = c("Ana", "Maria"), family = "Bianco", role = "aut"), person(given = "Graciela", family = "Boente", role = "aut"), person(given = "Ana", family = "Perez-Gonzalez", role = c("aut", "cre"), email = "anapg@uvigo.es")) as necessary. Flavors: r-devel-linux-x86_64-debian-clang, r-devel-linux-x86_64-debian-gcc