CRAN Package Check Results for Package Iscores

Last updated on 2025-07-19 04:49:25 CEST.

Flavor Version Tinstall Tcheck Ttotal Status Flags
r-devel-linux-x86_64-debian-clang 1.1.0 8.03 71.83 79.86 NOTE
r-devel-linux-x86_64-debian-gcc 1.1.0 6.27 52.65 58.92 NOTE
r-devel-linux-x86_64-fedora-clang 1.1.0 117.07 OK
r-devel-linux-x86_64-fedora-gcc 1.1.0 110.46 OK
r-devel-windows-x86_64 1.1.0 8.00 77.00 85.00 OK
r-patched-linux-x86_64 1.1.0 8.06 68.18 76.24 OK
r-release-linux-x86_64 1.1.0 7.75 67.61 75.36 OK
r-release-macos-arm64 1.1.0 39.00 OK
r-release-macos-x86_64 1.1.0 67.00 OK
r-release-windows-x86_64 1.1.0 8.00 76.00 84.00 OK
r-oldrel-macos-arm64 1.1.0 35.00 OK
r-oldrel-macos-x86_64 1.1.0 59.00 OK
r-oldrel-windows-x86_64 1.1.0 12.00 94.00 106.00 OK

Check Details

Version: 1.1.0
Check: CRAN incoming feasibility
Result: NOTE Maintainer: ‘Loris Michel <michel@stat.math.ethz.ch>’ No Authors@R field in DESCRIPTION. Please add one, modifying Authors@R: c(person(given = "Loris", family = "Michel", role = c("aut", "cre"), email = "michel@stat.math.ethz.ch"), person(given = "Meta-Lina", family = "Spohn", role = "aut"), person(given = "Jeffrey", family = "Naef", role = "aut")) as necessary. The Description field contains Michel et al. (2021) <arXiv:2106.03742>. Please refer to arXiv e-prints via their arXiv DOI <doi:10.48550/arXiv.YYMM.NNNNN>. Flavors: r-devel-linux-x86_64-debian-clang, r-devel-linux-x86_64-debian-gcc