Last updated on 2025-05-23 04:51:11 CEST.
Flavor | Version | Tinstall | Tcheck | Ttotal | Status | Flags |
---|---|---|---|---|---|---|
r-devel-linux-x86_64-debian-clang | 1.0.1 | 5.89 | 47.84 | 53.73 | OK | |
r-devel-linux-x86_64-debian-gcc | 1.0.1 | 4.49 | 36.82 | 41.31 | OK | |
r-devel-linux-x86_64-fedora-clang | 1.0.1 | 89.62 | NOTE | |||
r-devel-linux-x86_64-fedora-gcc | 1.0.1 | 96.67 | NOTE | |||
r-devel-windows-x86_64 | 1.0.1 | 7.00 | 68.00 | 75.00 | OK | |
r-patched-linux-x86_64 | 1.0.1 | 5.57 | 45.79 | 51.36 | OK | |
r-release-linux-x86_64 | 1.0.1 | 5.52 | 46.28 | 51.80 | OK | |
r-release-macos-arm64 | 1.0.1 | 36.00 | OK | |||
r-release-macos-x86_64 | 1.0.1 | 66.00 | OK | |||
r-release-windows-x86_64 | 1.0.1 | 8.00 | 68.00 | 76.00 | OK | |
r-oldrel-macos-arm64 | 1.0.1 | 43.00 | OK | |||
r-oldrel-macos-x86_64 | 1.0.1 | 60.00 | OK | |||
r-oldrel-windows-x86_64 | 1.0.1 | 10.00 | 80.00 | 90.00 | OK |
Version: 1.0.1
Check: dependencies in R code
Result: NOTE
Namespace in Imports field not imported from: ‘DiagrammeR’
All declared Imports should be used.
Flavors: r-devel-linux-x86_64-fedora-clang, r-devel-linux-x86_64-fedora-gcc