Last updated on 2025-05-23 04:51:11 CEST.
Flavor | Version | Tinstall | Tcheck | Ttotal | Status | Flags |
---|---|---|---|---|---|---|
r-devel-linux-x86_64-debian-clang | 1.0.2 | 18.20 | 72.87 | 91.07 | NOTE | |
r-devel-linux-x86_64-debian-gcc | 1.0.2 | 12.40 | 52.95 | 65.35 | NOTE | |
r-devel-linux-x86_64-fedora-clang | 1.0.2 | 147.35 | NOTE | |||
r-devel-linux-x86_64-fedora-gcc | 1.0.2 | 149.07 | NOTE | |||
r-devel-windows-x86_64 | 1.0.2 | 23.00 | 87.00 | 110.00 | NOTE | |
r-patched-linux-x86_64 | 1.0.2 | 18.40 | 68.12 | 86.52 | NOTE | |
r-release-linux-x86_64 | 1.0.2 | 18.19 | 68.82 | 87.01 | NOTE | |
r-release-macos-arm64 | 1.0.2 | 50.00 | NOTE | |||
r-release-macos-x86_64 | 1.0.2 | 89.00 | NOTE | |||
r-release-windows-x86_64 | 1.0.2 | 25.00 | 88.00 | 113.00 | NOTE | |
r-oldrel-macos-arm64 | 1.0.2 | 41.00 | NOTE | |||
r-oldrel-macos-x86_64 | 1.0.2 | 77.00 | NOTE | |||
r-oldrel-windows-x86_64 | 1.0.2 | 32.00 | 105.00 | 137.00 | NOTE |
Version: 1.0.2
Check: Rd files
Result: NOTE
checkRd: (-1) jointLPM.Rd:298: Lost braces; missing escapes or markup?
298 | following transformation b_1 + b_2*I_1(Y(t)) + ... + b_{n+2}*I_{n+1}(Y(t)),
| ^
checkRd: (-1) jointLPM.Rd:298: Lost braces; missing escapes or markup?
298 | following transformation b_1 + b_2*I_1(Y(t)) + ... + b_{n+2}*I_{n+1}(Y(t)),
| ^
checkRd: (-1) jointLPM.Rd:299: Lost braces; missing escapes or markup?
299 | where I_1,...,I_{n+1} is the basis of quadratic I-splines. To constraint the
| ^
Flavors: r-devel-linux-x86_64-debian-clang, r-devel-linux-x86_64-debian-gcc, r-devel-linux-x86_64-fedora-clang, r-devel-linux-x86_64-fedora-gcc, r-devel-windows-x86_64, r-patched-linux-x86_64, r-release-linux-x86_64, r-release-macos-arm64, r-release-macos-x86_64, r-release-windows-x86_64, r-oldrel-macos-arm64, r-oldrel-macos-x86_64, r-oldrel-windows-x86_64