CRAN Package Check Results for Package JOPS

Last updated on 2025-07-19 04:49:25 CEST.

Flavor Version Tinstall Tcheck Ttotal Status Flags
r-devel-linux-x86_64-debian-clang 0.2.0 16.97 159.24 176.21 OK
r-devel-linux-x86_64-debian-gcc 0.2.0 12.32 109.93 122.25 OK
r-devel-linux-x86_64-fedora-clang 0.2.0 261.18 OK
r-devel-linux-x86_64-fedora-gcc 0.2.0 256.86 OK
r-devel-windows-x86_64 0.2.0 20.00 188.00 208.00 OK
r-patched-linux-x86_64 0.2.0 16.27 150.41 166.68 OK
r-release-linux-x86_64 0.2.0 15.68 147.67 163.35 OK
r-release-macos-arm64 0.2.0 66.00 OK
r-release-macos-x86_64 0.2.0 139.00 OK
r-release-windows-x86_64 0.2.0 18.00 184.00 202.00 OK
r-oldrel-macos-arm64 0.2.0 91.00 OK
r-oldrel-macos-x86_64 0.2.0 144.00 NOTE
r-oldrel-windows-x86_64 0.2.0 25.00 222.00 247.00 OK

Check Details

Version: 0.2.0
Check: installed package size
Result: NOTE installed size is 5.6Mb sub-directories of 1Mb or more: data 5.1Mb Flavor: r-oldrel-macos-x86_64