Last updated on 2025-07-17 04:54:42 CEST.
Flavor | Version | Tinstall | Tcheck | Ttotal | Status | Flags |
---|---|---|---|---|---|---|
r-devel-linux-x86_64-debian-clang | 2.0 | 2.49 | 41.92 | 44.41 | NOTE | |
r-devel-linux-x86_64-debian-gcc | 2.0 | 2.05 | 29.53 | 31.58 | NOTE | |
r-devel-linux-x86_64-fedora-clang | 2.0 | 70.00 | OK | |||
r-devel-linux-x86_64-fedora-gcc | 2.0 | 64.98 | OK | |||
r-devel-windows-x86_64 | 2.0 | 4.00 | 61.00 | 65.00 | OK | |
r-patched-linux-x86_64 | 2.0 | 2.45 | 39.15 | 41.60 | OK | |
r-release-linux-x86_64 | 2.0 | 2.70 | 40.73 | 43.43 | OK | |
r-release-macos-arm64 | 2.0 | 25.00 | OK | |||
r-release-macos-x86_64 | 2.0 | 43.00 | OK | |||
r-release-windows-x86_64 | 2.0 | 4.00 | 63.00 | 67.00 | OK | |
r-oldrel-macos-arm64 | 2.0 | 24.00 | OK | |||
r-oldrel-macos-x86_64 | 2.0 | 53.00 | OK | |||
r-oldrel-windows-x86_64 | 2.0 | 5.00 | 74.00 | 79.00 | OK |
Version: 2.0
Check: CRAN incoming feasibility
Result: NOTE
Maintainer: ‘Rou Zhong <zhong_rou@163.com>’
The Description field contains
Shishi Liu, Haocheng Li, Jingxiao Zhang. (2021) <arXiv:2102.01286>. Rou
Please refer to arXiv e-prints via their arXiv DOI <doi:10.48550/arXiv.YYMM.NNNNN>.
Flavors: r-devel-linux-x86_64-debian-clang, r-devel-linux-x86_64-debian-gcc