Last updated on 2025-05-23 04:51:11 CEST.
Flavor | Version | Tinstall | Tcheck | Ttotal | Status | Flags |
---|---|---|---|---|---|---|
r-devel-linux-x86_64-debian-clang | 2.0 | 9.35 | 124.16 | 133.51 | NOTE | |
r-devel-linux-x86_64-debian-gcc | 2.0 | 7.25 | 87.96 | 95.21 | NOTE | |
r-devel-linux-x86_64-fedora-clang | 2.0 | 224.83 | NOTE | |||
r-devel-linux-x86_64-fedora-gcc | 2.0 | 220.13 | NOTE | |||
r-devel-windows-x86_64 | 2.0 | 11.00 | 188.00 | 199.00 | OK | |
r-patched-linux-x86_64 | 2.0 | 10.36 | 117.77 | 128.13 | OK | |
r-release-linux-x86_64 | 2.0 | 7.94 | 120.41 | 128.35 | OK | |
r-release-macos-arm64 | 2.0 | 84.00 | OK | |||
r-release-macos-x86_64 | 2.0 | 143.00 | OK | |||
r-release-windows-x86_64 | 2.0 | 11.00 | 191.00 | 202.00 | OK | |
r-oldrel-macos-arm64 | 2.0 | 69.00 | OK | |||
r-oldrel-macos-x86_64 | 2.0 | 103.00 | OK | |||
r-oldrel-windows-x86_64 | 2.0 | 13.00 | 203.00 | 216.00 | OK |
Version: 2.0
Check: CRAN incoming feasibility
Result: NOTE
Maintainer: ‘Jocelyn Chi <jocetchi@gmail.com>’
Package CITATION file contains call(s) to old-style citEntry(). Please
use bibentry() instead.
Flavors: r-devel-linux-x86_64-debian-clang, r-devel-linux-x86_64-debian-gcc
Version: 2.0
Check: dependencies in R code
Result: NOTE
Namespace in Imports field not imported from: ‘robustbase’
All declared Imports should be used.
Flavors: r-devel-linux-x86_64-fedora-clang, r-devel-linux-x86_64-fedora-gcc