Last updated on 2025-05-23 04:51:12 CEST.
Flavor | Version | Tinstall | Tcheck | Ttotal | Status | Flags |
---|---|---|---|---|---|---|
r-devel-linux-x86_64-debian-clang | 1.0 | 9.19 | 76.87 | 86.06 | NOTE | |
r-devel-linux-x86_64-debian-gcc | 1.0 | 6.88 | 55.21 | 62.09 | NOTE | |
r-devel-linux-x86_64-fedora-clang | 1.0 | 136.05 | OK | |||
r-devel-linux-x86_64-fedora-gcc | 1.0 | 126.22 | OK | |||
r-devel-windows-x86_64 | 1.0 | 10.00 | 96.00 | 106.00 | OK | |
r-patched-linux-x86_64 | 1.0 | 8.24 | 72.54 | 80.78 | OK | |
r-release-linux-x86_64 | 1.0 | 6.80 | 72.39 | 79.19 | OK | |
r-release-macos-arm64 | 1.0 | 39.00 | OK | |||
r-release-macos-x86_64 | 1.0 | 110.00 | OK | |||
r-release-windows-x86_64 | 1.0 | 10.00 | 131.00 | 141.00 | OK | |
r-oldrel-macos-arm64 | 1.0 | 40.00 | OK | |||
r-oldrel-macos-x86_64 | 1.0 | 57.00 | OK | |||
r-oldrel-windows-x86_64 | 1.0 | 13.00 | 107.00 | 120.00 | OK |
Version: 1.0
Check: CRAN incoming feasibility
Result: NOTE
Maintainer: ‘Zihuai He <zihuai@umich.edu>’
No Authors@R field in DESCRIPTION.
Please add one, modifying
Authors@R: person(given = "Zihuai",
family = "He",
role = c("aut", "cre"),
email = "zihuai@umich.edu")
as necessary.
Flavors: r-devel-linux-x86_64-debian-clang, r-devel-linux-x86_64-debian-gcc