Last updated on 2025-07-19 04:49:26 CEST.
Flavor | Version | Tinstall | Tcheck | Ttotal | Status | Flags |
---|---|---|---|---|---|---|
r-devel-linux-x86_64-debian-clang | 1.1.3 | 34.76 | 60.91 | 95.67 | OK | |
r-devel-linux-x86_64-debian-gcc | 1.1.3 | 25.39 | 45.32 | 70.71 | OK | |
r-devel-linux-x86_64-fedora-clang | 1.1.3 | 166.81 | OK | |||
r-devel-linux-x86_64-fedora-gcc | 1.1.3 | 174.38 | OK | |||
r-devel-windows-x86_64 | 1.1.3 | 41.00 | 94.00 | 135.00 | OK | |
r-patched-linux-x86_64 | 1.1.3 | 34.55 | 60.71 | 95.26 | OK | |
r-release-linux-x86_64 | 1.1.3 | 35.81 | 60.42 | 96.23 | OK | |
r-release-macos-arm64 | 1.1.3 | 59.00 | OK | |||
r-release-macos-x86_64 | 1.1.3 | 104.00 | OK | |||
r-release-windows-x86_64 | 1.1.3 | 40.00 | 93.00 | 133.00 | OK | |
r-oldrel-macos-arm64 | 1.1.3 | 50.00 | NOTE | |||
r-oldrel-macos-x86_64 | 1.1.3 | 83.00 | NOTE | |||
r-oldrel-windows-x86_64 | 1.1.3 | 49.00 | 115.00 | 164.00 | OK |
Version: 1.1.3
Check: installed package size
Result: NOTE
installed size is 8.0Mb
sub-directories of 1Mb or more:
libs 7.6Mb
Flavors: r-oldrel-macos-arm64, r-oldrel-macos-x86_64