Last updated on 2025-07-17 04:54:43 CEST.
Flavor | Version | Tinstall | Tcheck | Ttotal | Status | Flags |
---|---|---|---|---|---|---|
r-devel-linux-x86_64-debian-clang | 2.1 | 5.53 | 67.85 | 73.38 | NOTE | |
r-devel-linux-x86_64-debian-gcc | 2.1 | 3.63 | 45.94 | 49.57 | NOTE | |
r-devel-linux-x86_64-fedora-clang | 2.1 | 114.78 | NOTE | |||
r-devel-linux-x86_64-fedora-gcc | 2.1 | 108.34 | NOTE | |||
r-devel-windows-x86_64 | 2.1 | 7.00 | 78.00 | 85.00 | NOTE | |
r-patched-linux-x86_64 | 2.1 | 5.22 | 62.79 | 68.01 | NOTE | |
r-release-linux-x86_64 | 2.1 | 5.27 | 62.79 | 68.06 | NOTE | |
r-release-macos-arm64 | 2.1 | 36.00 | NOTE | |||
r-release-macos-x86_64 | 2.1 | 94.00 | NOTE | |||
r-release-windows-x86_64 | 2.1 | 8.00 | 77.00 | 85.00 | NOTE | |
r-oldrel-macos-arm64 | 2.1 | 32.00 | NOTE | |||
r-oldrel-macos-x86_64 | 2.1 | 61.00 | NOTE | |||
r-oldrel-windows-x86_64 | 2.1 | 10.00 | 95.00 | 105.00 | NOTE |
Version: 2.1
Check: Rd files
Result: NOTE
checkRd: (-1) LS.kalman.Rd:65: Escaped LaTeX specials: \&
checkRd: (-1) spectral.density.Rd:55: Escaped LaTeX specials: \&
Flavors: r-devel-linux-x86_64-debian-clang, r-devel-linux-x86_64-debian-gcc, r-devel-linux-x86_64-fedora-clang, r-devel-linux-x86_64-fedora-gcc, r-devel-windows-x86_64, r-patched-linux-x86_64, r-release-linux-x86_64, r-release-macos-arm64, r-release-macos-x86_64, r-release-windows-x86_64, r-oldrel-macos-arm64, r-oldrel-macos-x86_64, r-oldrel-windows-x86_64
Version: 2.1
Check: dependencies in R code
Result: NOTE
Namespace in Imports field not imported from: ‘Rdpack’
All declared Imports should be used.
Flavors: r-devel-linux-x86_64-fedora-clang, r-devel-linux-x86_64-fedora-gcc