CRAN Package Check Results for Package LSVAR

Last updated on 2025-07-17 04:54:43 CEST.

Flavor Version Tinstall Tcheck Ttotal Status Flags
r-devel-linux-x86_64-debian-clang 1.2 2.98 32.16 35.14 NOTE
r-devel-linux-x86_64-debian-gcc 1.2 2.32 25.31 27.63 NOTE
r-devel-linux-x86_64-fedora-clang 1.2 55.49 OK
r-devel-linux-x86_64-fedora-gcc 1.2 65.49 OK
r-devel-windows-x86_64 1.2 4.00 53.00 57.00 OK
r-patched-linux-x86_64 1.2 2.78 30.91 33.69 OK
r-release-linux-x86_64 1.2 2.76 30.27 33.03 OK
r-release-macos-arm64 1.2 54.00 OK
r-release-macos-x86_64 1.2 46.00 OK
r-release-windows-x86_64 1.2 5.00 53.00 58.00 OK
r-oldrel-macos-arm64 1.2 27.00 OK
r-oldrel-macos-x86_64 1.2 37.00 OK
r-oldrel-windows-x86_64 1.2 5.00 62.00 67.00 OK

Check Details

Version: 1.2
Check: CRAN incoming feasibility
Result: NOTE Maintainer: ‘Peiliang Bai <baipl92@ufl.edu>’ No Authors@R field in DESCRIPTION. Please add one, modifying Authors@R: person(given = "Peiliang", family = "Bai", role = c("aut", "cre"), email = "baipl92@ufl.edu") as necessary. Flavors: r-devel-linux-x86_64-debian-clang, r-devel-linux-x86_64-debian-gcc