Last updated on 2025-10-29 03:51:59 CET.
| Flavor | Version | Tinstall | Tcheck | Ttotal | Status | Flags |
|---|---|---|---|---|---|---|
| r-devel-linux-x86_64-debian-clang | 1.0-1 | 24.05 | 118.84 | 142.89 | NOTE | |
| r-devel-linux-x86_64-debian-gcc | 1.0-1 | 14.53 | 78.79 | 93.32 | NOTE | |
| r-devel-linux-x86_64-fedora-clang | 1.0-1 | 122.00 | 125.02 | 247.02 | OK | |
| r-devel-linux-x86_64-fedora-gcc | 1.0-1 | 61.00 | 157.25 | 218.25 | OK | |
| r-devel-windows-x86_64 | 1.0-1 | 25.00 | 108.00 | 133.00 | OK | |
| r-patched-linux-x86_64 | 1.0-1 | 22.41 | 111.44 | 133.85 | OK | |
| r-release-linux-x86_64 | 1.0-1 | 19.98 | 110.24 | 130.22 | OK | |
| r-release-macos-arm64 | 1.0-1 | 10.00 | 42.00 | 52.00 | OK | |
| r-release-macos-x86_64 | 1.0-1 | 20.00 | 71.00 | 91.00 | OK | |
| r-release-windows-x86_64 | 1.0-1 | 24.00 | 111.00 | 135.00 | OK | |
| r-oldrel-macos-arm64 | 1.0-1 | 9.00 | 38.00 | 47.00 | OK | |
| r-oldrel-macos-x86_64 | 1.0-1 | 15.00 | 59.00 | 74.00 | OK | |
| r-oldrel-windows-x86_64 | 1.0-1 | 36.00 | 144.00 | 180.00 | OK |
Version: 1.0-1
Check: CRAN incoming feasibility
Result: NOTE
Maintainer: ‘Ruben H. Roa-Ureta <ruben.roa.ureta@mail.com>’
No Authors@R field in DESCRIPTION.
Please add one, modifying
Authors@R: person(given = c("Ruben", "H."),
family = "Roa-Ureta",
role = c("aut", "cre"),
email = "ruben.roa.ureta@mail.com")
as necessary.
Flavors: r-devel-linux-x86_64-debian-clang, r-devel-linux-x86_64-debian-gcc