Last updated on 2025-07-19 04:49:26 CEST.
Flavor | Version | Tinstall | Tcheck | Ttotal | Status | Flags |
---|---|---|---|---|---|---|
r-devel-linux-x86_64-debian-clang | 1.1.7 | 119.24 | 173.83 | 293.07 | OK | |
r-devel-linux-x86_64-debian-gcc | 1.1.7 | 107.68 | 134.87 | 242.55 | OK | |
r-devel-linux-x86_64-fedora-clang | 1.1.7 | 471.35 | OK | |||
r-devel-linux-x86_64-fedora-gcc | 1.1.7 | 537.26 | OK | |||
r-devel-windows-x86_64 | 1.1.7 | 138.00 | 225.00 | 363.00 | OK | |
r-patched-linux-x86_64 | 1.1.7 | 142.52 | 179.68 | 322.20 | OK | |
r-release-linux-x86_64 | 1.1.7 | 133.86 | 180.04 | 313.90 | OK | |
r-release-macos-arm64 | 1.1.7 | 125.00 | OK | |||
r-release-macos-x86_64 | 1.1.7 | 261.00 | OK | |||
r-release-windows-x86_64 | 1.1.7 | 139.00 | 220.00 | 359.00 | OK | |
r-oldrel-macos-arm64 | 1.1.7 | 76.00 | NOTE | |||
r-oldrel-macos-x86_64 | 1.1.7 | 133.00 | NOTE | |||
r-oldrel-windows-x86_64 | 1.1.7 | 153.00 | 269.00 | 422.00 | NOTE |
Version: 1.1.7
Check: installed package size
Result: NOTE
installed size is 38.1Mb
sub-directories of 1Mb or more:
libs 37.7Mb
Flavors: r-oldrel-macos-arm64, r-oldrel-macos-x86_64
Version: 1.1.7
Check: for GNU extensions in Makefiles
Result: NOTE
GNU make is a SystemRequirements.
Flavors: r-oldrel-macos-arm64, r-oldrel-macos-x86_64, r-oldrel-windows-x86_64