Last updated on 2025-07-17 04:54:43 CEST.
Flavor | Version | Tinstall | Tcheck | Ttotal | Status | Flags |
---|---|---|---|---|---|---|
r-devel-linux-x86_64-debian-clang | 0.1.0 | 15.36 | 158.93 | 174.29 | OK | |
r-devel-linux-x86_64-debian-gcc | 0.1.0 | 9.69 | 114.94 | 124.63 | OK | |
r-devel-linux-x86_64-fedora-clang | 0.1.0 | 268.95 | OK | |||
r-devel-linux-x86_64-fedora-gcc | 0.1.0 | 278.84 | OK | |||
r-devel-windows-x86_64 | 0.1.0 | 15.00 | 142.00 | 157.00 | OK | |
r-patched-linux-x86_64 | 0.1.0 | 13.95 | 151.75 | 165.70 | OK | |
r-release-linux-x86_64 | 0.1.0 | 14.66 | 150.14 | 164.80 | OK | |
r-release-macos-arm64 | 0.1.0 | 72.00 | OK | |||
r-release-macos-x86_64 | 0.1.0 | 113.00 | OK | |||
r-release-windows-x86_64 | 0.1.0 | 15.00 | 142.00 | 157.00 | OK | |
r-oldrel-macos-arm64 | 0.1.0 | 81.00 | NOTE | |||
r-oldrel-macos-x86_64 | 0.1.0 | 113.00 | NOTE | |||
r-oldrel-windows-x86_64 | 0.1.0 | 21.00 | 189.00 | 210.00 | OK |
Version: 0.1.0
Check: package dependencies
Result: NOTE
Package suggested but not available for checking: ‘INLA’
Flavors: r-oldrel-macos-arm64, r-oldrel-macos-x86_64
Version: 0.1.0
Check: installed package size
Result: NOTE
installed size is 5.0Mb
sub-directories of 1Mb or more:
extdata 4.2Mb
Flavor: r-oldrel-macos-arm64
Version: 0.1.0
Check: Rd cross-references
Result: NOTE
Package unavailable to check Rd xrefs: ‘INLA’
Flavors: r-oldrel-macos-arm64, r-oldrel-macos-x86_64