Last updated on 2025-07-17 04:54:44 CEST.
Flavor | Version | Tinstall | Tcheck | Ttotal | Status | Flags |
---|---|---|---|---|---|---|
r-devel-linux-x86_64-debian-clang | 0.1.4.3 | 27.93 | 160.41 | 188.34 | OK | |
r-devel-linux-x86_64-debian-gcc | 0.1.4.3 | 21.69 | 120.65 | 142.34 | OK | |
r-devel-linux-x86_64-fedora-clang | 0.1.4.3 | 299.85 | OK | |||
r-devel-linux-x86_64-fedora-gcc | 0.1.4.3 | 407.84 | OK | |||
r-devel-windows-x86_64 | 0.1.4.3 | 29.00 | 153.00 | 182.00 | OK | |
r-patched-linux-x86_64 | 0.1.4.3 | 26.54 | 148.66 | 175.20 | OK | |
r-release-linux-x86_64 | 0.1.4.3 | 26.57 | 151.94 | 178.51 | OK | |
r-release-macos-arm64 | 0.1.4.3 | 98.00 | OK | |||
r-release-macos-x86_64 | 0.1.4.3 | 279.00 | OK | |||
r-release-windows-x86_64 | 0.1.4.3 | 29.00 | 153.00 | 182.00 | OK | |
r-oldrel-macos-arm64 | 0.1.4.3 | 119.00 | NOTE | |||
r-oldrel-macos-x86_64 | 0.1.4.3 | 237.00 | NOTE | |||
r-oldrel-windows-x86_64 | 0.1.4.3 | 38.00 | 199.00 | 237.00 | OK |
Version: 0.1.4.3
Check: installed package size
Result: NOTE
installed size is 5.2Mb
sub-directories of 1Mb or more:
R 1.1Mb
data 3.9Mb
Flavors: r-oldrel-macos-arm64, r-oldrel-macos-x86_64