Last updated on 2025-05-23 04:51:13 CEST.
Flavor | Version | Tinstall | Tcheck | Ttotal | Status | Flags |
---|---|---|---|---|---|---|
r-devel-linux-x86_64-debian-clang | 0.1.1 | 905.71 | 213.85 | 1119.56 | OK | |
r-devel-linux-x86_64-debian-gcc | 0.1.1 | 826.57 | 214.62 | 1041.19 | OK | |
r-devel-linux-x86_64-fedora-clang | 0.1.1 | 1683.49 | NOTE | |||
r-devel-linux-x86_64-fedora-gcc | 0.1.1 | 2612.84 | NOTE | |||
r-devel-windows-x86_64 | 0.1.1 | 933.00 | 332.00 | 1265.00 | OK | |
r-patched-linux-x86_64 | 0.1.1 | 1034.11 | 294.33 | 1328.44 | OK | |
r-release-linux-x86_64 | 0.1.1 | 996.16 | 290.10 | 1286.26 | OK | |
r-release-macos-arm64 | 0.1.1 | 291.00 | OK | |||
r-release-macos-x86_64 | 0.1.1 | 482.00 | OK | |||
r-release-windows-x86_64 | 0.1.1 | 935.00 | 320.00 | 1255.00 | OK | |
r-oldrel-macos-arm64 | 0.1.1 | 348.00 | NOTE | |||
r-oldrel-macos-x86_64 | 0.1.1 | 592.00 | NOTE | |||
r-oldrel-windows-x86_64 | 0.1.0 | 1072.00 | 390.00 | 1462.00 | NOTE |
Version: 0.1.1
Check: dependencies in R code
Result: NOTE
Namespaces in Imports field not imported from:
‘pracma’ ‘rstantools’
All declared Imports should be used.
Flavors: r-devel-linux-x86_64-fedora-clang, r-devel-linux-x86_64-fedora-gcc
Version: 0.1.1
Check: installed package size
Result: NOTE
installed size is 164.7Mb
sub-directories of 1Mb or more:
libs 164.0Mb
Flavors: r-oldrel-macos-arm64, r-oldrel-macos-x86_64
Version: 0.1.1
Check: for GNU extensions in Makefiles
Result: NOTE
GNU make is a SystemRequirements.
Flavors: r-oldrel-macos-arm64, r-oldrel-macos-x86_64
Version: 0.1.0
Check: installed package size
Result: NOTE
installed size is 7.8Mb
sub-directories of 1Mb or more:
libs 7.2Mb
Flavor: r-oldrel-windows-x86_64
Version: 0.1.0
Check: for GNU extensions in Makefiles
Result: NOTE
GNU make is a SystemRequirements.
Flavor: r-oldrel-windows-x86_64