Last updated on 2025-07-17 04:54:45 CEST.
Flavor | Version | Tinstall | Tcheck | Ttotal | Status | Flags |
---|---|---|---|---|---|---|
r-devel-linux-x86_64-debian-clang | 2.51 | 278.31 | 354.66 | 632.97 | OK | |
r-devel-linux-x86_64-debian-gcc | 2.51 | 223.88 | 202.15 | 426.03 | OK | |
r-devel-linux-x86_64-fedora-clang | 2.51 | 1044.02 | OK | |||
r-devel-linux-x86_64-fedora-gcc | 2.51 | 1127.30 | OK | |||
r-devel-windows-x86_64 | 2.51 | 297.00 | 337.00 | 634.00 | OK | |
r-patched-linux-x86_64 | 2.51 | 312.68 | 321.77 | 634.45 | OK | |
r-release-linux-x86_64 | 2.51 | 309.34 | 328.31 | 637.65 | OK | |
r-release-macos-arm64 | 2.51 | 220.00 | OK | |||
r-release-macos-x86_64 | 2.51 | 350.00 | OK | |||
r-release-windows-x86_64 | 2.51 | 311.00 | 333.00 | 644.00 | OK | |
r-oldrel-macos-arm64 | 2.51 | 204.00 | NOTE | |||
r-oldrel-macos-x86_64 | 2.51 | 268.00 | NOTE | |||
r-oldrel-windows-x86_64 | 2.51 | 376.00 | 475.00 | 851.00 | NOTE |
Version: 2.51
Check: installed package size
Result: NOTE
installed size is 45.4Mb
sub-directories of 1Mb or more:
libs 45.0Mb
Flavors: r-oldrel-macos-arm64, r-oldrel-macos-x86_64, r-oldrel-windows-x86_64