Last updated on 2025-05-23 04:51:13 CEST.
Flavor | Version | Tinstall | Tcheck | Ttotal | Status | Flags |
---|---|---|---|---|---|---|
r-devel-linux-x86_64-debian-clang | 0.1.15 | 117.51 | 172.25 | 289.76 | OK | |
r-devel-linux-x86_64-debian-gcc | 0.1.15 | 80.90 | 116.36 | 197.26 | OK | |
r-devel-linux-x86_64-fedora-clang | 0.1.15 | 462.22 | OK | |||
r-devel-linux-x86_64-fedora-gcc | 0.1.15 | 565.23 | OK | |||
r-devel-windows-x86_64 | 0.1.15 | 124.00 | 188.00 | 312.00 | OK | |
r-patched-linux-x86_64 | 0.1.15 | 118.72 | 164.24 | 282.96 | OK | |
r-release-linux-x86_64 | 0.1.15 | 121.10 | 162.73 | 283.83 | OK | |
r-release-macos-arm64 | 0.1.15 | 142.00 | OK | |||
r-release-macos-x86_64 | 0.1.15 | 263.00 | OK | |||
r-release-windows-x86_64 | 0.1.15 | 122.00 | 190.00 | 312.00 | OK | |
r-oldrel-macos-arm64 | 0.1.15 | 172.00 | NOTE | |||
r-oldrel-macos-x86_64 | 0.1.15 | 211.00 | NOTE | |||
r-oldrel-windows-x86_64 | 0.1.15 | 147.00 | 238.00 | 385.00 | OK |
Version: 0.1.15
Check: installed package size
Result: NOTE
installed size is 11.3Mb
sub-directories of 1Mb or more:
R 2.1Mb
libs 9.0Mb
Flavors: r-oldrel-macos-arm64, r-oldrel-macos-x86_64