Last updated on 2025-07-17 04:54:44 CEST.
Flavor | Version | Tinstall | Tcheck | Ttotal | Status | Flags |
---|---|---|---|---|---|---|
r-devel-linux-x86_64-debian-clang | 0.1.3 | 55.22 | 118.92 | 174.14 | NOTE | |
r-devel-linux-x86_64-debian-gcc | 0.1.3 | 47.99 | 94.95 | 142.94 | NOTE | |
r-devel-linux-x86_64-fedora-clang | 0.1.3 | 264.53 | NOTE | |||
r-devel-linux-x86_64-fedora-gcc | 0.1.3 | 268.87 | NOTE | |||
r-devel-windows-x86_64 | 0.1.3 | 57.00 | 119.00 | 176.00 | NOTE | |
r-patched-linux-x86_64 | 0.1.3 | 50.82 | 113.63 | 164.45 | NOTE | |
r-release-linux-x86_64 | 0.1.3 | 51.87 | 113.18 | 165.05 | NOTE | |
r-release-macos-arm64 | 0.1.3 | 101.00 | NOTE | |||
r-release-macos-x86_64 | 0.1.3 | 163.00 | NOTE | |||
r-release-windows-x86_64 | 0.1.3 | 61.00 | 120.00 | 181.00 | NOTE | |
r-oldrel-macos-arm64 | 0.1.3 | 87.00 | NOTE | |||
r-oldrel-macos-x86_64 | 0.1.3 | 109.00 | NOTE | |||
r-oldrel-windows-x86_64 | 0.1.3 | 73.00 | 155.00 | 228.00 | OK |
Version: 0.1.3
Check: DESCRIPTION meta-information
Result: NOTE
Missing dependency on R >= 4.1.0 because package code uses the pipe
|> or function shorthand \(...) syntax added in R 4.1.0.
File(s) using such syntax:
‘MetaNLP.R’ ‘delete_functions.R’ ‘useful_functions.R’
Flavors: r-devel-linux-x86_64-debian-clang, r-devel-linux-x86_64-debian-gcc, r-devel-linux-x86_64-fedora-clang, r-devel-linux-x86_64-fedora-gcc, r-devel-windows-x86_64, r-patched-linux-x86_64, r-release-linux-x86_64, r-release-macos-arm64, r-release-macos-x86_64, r-release-windows-x86_64
Version: 0.1.3
Check: installed package size
Result: NOTE
installed size is 5.2Mb
sub-directories of 1Mb or more:
R 4.9Mb
Flavors: r-oldrel-macos-arm64, r-oldrel-macos-x86_64