Last updated on 2025-05-23 04:51:13 CEST.
Flavor | Version | Tinstall | Tcheck | Ttotal | Status | Flags |
---|---|---|---|---|---|---|
r-devel-linux-x86_64-debian-clang | 1.1 | 1.98 | 24.72 | 26.70 | NOTE | |
r-devel-linux-x86_64-debian-gcc | 1.1 | 2.14 | 19.07 | 21.21 | NOTE | |
r-devel-linux-x86_64-fedora-clang | 1.1 | 41.78 | OK | |||
r-devel-linux-x86_64-fedora-gcc | 1.1 | 42.94 | OK | |||
r-devel-windows-x86_64 | 1.1 | 4.00 | 46.00 | 50.00 | OK | |
r-patched-linux-x86_64 | 1.1 | 2.44 | 23.54 | 25.98 | OK | |
r-release-linux-x86_64 | 1.1 | 2.62 | 23.55 | 26.17 | OK | |
r-release-macos-arm64 | 1.1 | 31.00 | OK | |||
r-release-macos-x86_64 | 1.1 | 30.00 | OK | |||
r-release-windows-x86_64 | 1.1 | 4.00 | 74.00 | 78.00 | OK | |
r-oldrel-macos-arm64 | 1.1 | 16.00 | OK | |||
r-oldrel-macos-x86_64 | 1.1 | 25.00 | OK | |||
r-oldrel-windows-x86_64 | 1.1 | 3.00 | 52.00 | 55.00 | OK |
Version: 1.1
Check: CRAN incoming feasibility
Result: NOTE
Maintainer: ‘Monica Calderon-Santiago <b42casam@uco.es>’
No Authors@R field in DESCRIPTION.
Please add one, modifying
Authors@R: person(given = "Monica",
family = "Calderon-Santiago",
role = c("aut", "cre"),
email = "b42casam@uco.es")
as necessary.
Flavors: r-devel-linux-x86_64-debian-clang, r-devel-linux-x86_64-debian-gcc