Last updated on 2025-05-23 04:51:15 CEST.
Flavor | Version | Tinstall | Tcheck | Ttotal | Status | Flags |
---|---|---|---|---|---|---|
r-devel-linux-x86_64-debian-clang | 1.9.8 | 339.83 | 95.61 | 435.44 | OK | |
r-devel-linux-x86_64-debian-gcc | 1.9.8 | 214.61 | 71.94 | 286.55 | OK | |
r-devel-linux-x86_64-fedora-clang | 1.9.8 | 1089.16 | OK | |||
r-devel-linux-x86_64-fedora-gcc | 1.9.8 | 852.46 | OK | |||
r-devel-windows-x86_64 | 1.9.8 | 374.00 | 128.00 | 502.00 | OK | |
r-patched-linux-x86_64 | 1.9.8 | 305.37 | 93.29 | 398.66 | OK | |
r-release-linux-x86_64 | 1.9.8 | 305.81 | 94.45 | 400.26 | OK | |
r-release-macos-arm64 | 1.9.8 | 154.00 | OK | |||
r-release-macos-x86_64 | 1.9.8 | 183.00 | OK | |||
r-release-windows-x86_64 | 1.9.8 | 378.00 | 125.00 | 503.00 | OK | |
r-oldrel-macos-arm64 | 1.9.8 | 174.00 | NOTE | |||
r-oldrel-macos-x86_64 | 1.9.8 | 215.00 | NOTE | |||
r-oldrel-windows-x86_64 | 1.9.8 | 349.00 | 151.00 | 500.00 | NOTE |
Version: 1.9.8
Check: installed package size
Result: NOTE
installed size is 20.9Mb
sub-directories of 1Mb or more:
doc 5.3Mb
libs 15.2Mb
Flavors: r-oldrel-macos-arm64, r-oldrel-macos-x86_64, r-oldrel-windows-x86_64