Last updated on 2025-05-23 04:51:15 CEST.
Flavor | Version | Tinstall | Tcheck | Ttotal | Status | Flags |
---|---|---|---|---|---|---|
r-devel-linux-x86_64-debian-clang | 0.1.0 | 6.47 | 60.49 | 66.96 | NOTE | |
r-devel-linux-x86_64-debian-gcc | 0.1.0 | 4.70 | 45.07 | 49.77 | NOTE | |
r-devel-linux-x86_64-fedora-clang | 0.1.0 | 105.04 | OK | |||
r-devel-linux-x86_64-fedora-gcc | 0.1.0 | 97.61 | OK | |||
r-devel-windows-x86_64 | 0.1.0 | 8.00 | 73.00 | 81.00 | OK | |
r-patched-linux-x86_64 | 0.1.0 | 6.71 | 57.84 | 64.55 | OK | |
r-release-linux-x86_64 | 0.1.0 | 6.65 | 56.91 | 63.56 | OK | |
r-release-macos-arm64 | 0.1.0 | 37.00 | OK | |||
r-release-macos-x86_64 | 0.1.0 | 63.00 | OK | |||
r-release-windows-x86_64 | 0.1.0 | 9.00 | 72.00 | 81.00 | OK | |
r-oldrel-macos-arm64 | 0.1.0 | 33.00 | OK | |||
r-oldrel-macos-x86_64 | 0.1.0 | 52.00 | OK | |||
r-oldrel-windows-x86_64 | 0.1.0 | 9.00 | 86.00 | 95.00 | OK |
Version: 0.1.0
Check: CRAN incoming feasibility
Result: NOTE
Maintainer: ‘Xiao Lin <xlin3@mdanderson.org>’
No Authors@R field in DESCRIPTION.
Please add one, modifying
Authors@R: c(person(given = "Xiao",
family = "Lin",
role = c("aut", "cre"),
email = "xlin3@mdanderson.org"),
person(given = "Xuelin",
family = "Huang",
role = "aut",
email = "xlhuang@mdanderson.org"))
as necessary.
Flavors: r-devel-linux-x86_64-debian-clang, r-devel-linux-x86_64-debian-gcc