CRAN Package Check Results for Package PBNPA

Last updated on 2025-05-23 04:51:15 CEST.

Flavor Version Tinstall Tcheck Ttotal Status Flags
r-devel-linux-x86_64-debian-clang 0.0.3 1.63 19.56 21.19 OK
r-devel-linux-x86_64-debian-gcc 0.0.3 1.41 15.71 17.12 OK
r-devel-linux-x86_64-fedora-clang 0.0.3 34.98 OK
r-devel-linux-x86_64-fedora-gcc 0.0.3 32.06 OK
r-devel-windows-x86_64 0.0.3 3.00 76.00 79.00 OK
r-patched-linux-x86_64 0.0.3 1.76 18.70 20.46 OK
r-release-linux-x86_64 0.0.3 1.64 18.85 20.49 OK
r-release-macos-arm64 0.0.3 15.00 OK
r-release-macos-x86_64 0.0.3 24.00 OK
r-release-windows-x86_64 0.0.3 3.00 68.00 71.00 OK
r-oldrel-macos-arm64 0.0.3 15.00 NOTE
r-oldrel-macos-x86_64 0.0.3 19.00 NOTE
r-oldrel-windows-x86_64 0.0.3 2.00 44.00 46.00 NOTE

Check Details

Version: 0.0.3
Check: LazyData
Result: NOTE 'LazyData' is specified without a 'data' directory Flavors: r-oldrel-macos-arm64, r-oldrel-macos-x86_64, r-oldrel-windows-x86_64