Last updated on 2025-07-17 04:54:48 CEST.
Flavor | Version | Tinstall | Tcheck | Ttotal | Status | Flags |
---|---|---|---|---|---|---|
r-devel-linux-x86_64-debian-clang | 0.6.0 | 8.64 | 37.33 | 45.97 | OK | |
r-devel-linux-x86_64-debian-gcc | 0.6.0 | 6.27 | 30.15 | 36.42 | OK | |
r-devel-linux-x86_64-fedora-clang | 0.6.0 | 69.13 | OK | |||
r-devel-linux-x86_64-fedora-gcc | 0.6.0 | 80.05 | OK | |||
r-devel-windows-x86_64 | 0.6.0 | 23.00 | 205.00 | 228.00 | OK | |
r-patched-linux-x86_64 | 0.6.0 | 6.42 | 34.13 | 40.55 | OK | |
r-release-linux-x86_64 | 0.6.0 | 6.51 | 34.21 | 40.72 | OK | |
r-release-macos-arm64 | 0.6.0 | 41.00 | OK | |||
r-release-macos-x86_64 | 0.6.0 | 97.00 | OK | |||
r-release-windows-x86_64 | 0.6.0 | 24.00 | 208.00 | 232.00 | OK | |
r-oldrel-macos-arm64 | 0.6.0 | 55.00 | NOTE | |||
r-oldrel-macos-x86_64 | 0.6.0 | 82.00 | NOTE | |||
r-oldrel-windows-x86_64 | 0.6.0 | 23.00 | 240.00 | 263.00 | NOTE |
Version: 0.6.0
Check: installed package size
Result: NOTE
installed size is 13.1Mb
sub-directories of 1Mb or more:
libs 12.8Mb
Flavors: r-oldrel-macos-arm64, r-oldrel-macos-x86_64, r-oldrel-windows-x86_64