CRAN Package Check Results for Package PVR

Last updated on 2025-07-18 04:49:17 CEST.

Flavor Version Tinstall Tcheck Ttotal Status Flags
r-devel-linux-x86_64-debian-clang 0.3 5.01 39.98 44.99 NOTE
r-devel-linux-x86_64-debian-gcc 0.3 3.80 30.73 34.53 NOTE
r-devel-linux-x86_64-fedora-clang 0.3 69.35 OK
r-devel-linux-x86_64-fedora-gcc 0.3 65.58 OK
r-devel-windows-x86_64 0.3 6.00 63.00 69.00 OK
r-patched-linux-x86_64 0.3 4.54 37.75 42.29 OK
r-release-linux-x86_64 0.3 5.26 38.13 43.39 OK
r-release-macos-arm64 0.3 29.00 OK
r-release-macos-x86_64 0.3 42.00 OK
r-release-windows-x86_64 0.3 7.00 64.00 71.00 OK
r-oldrel-macos-arm64 0.3 26.00 OK
r-oldrel-macos-x86_64 0.3 38.00 OK
r-oldrel-windows-x86_64 0.3 7.00 72.00 79.00 OK

Check Details

Version: 0.3
Check: CRAN incoming feasibility
Result: NOTE Maintainer: ‘Thiago Santos <thiago.santos@ufvjm.edu.br>’ No Authors@R field in DESCRIPTION. Please add one, modifying Authors@R: person(given = "Thiago", family = "Santos", role = c("aut", "cre"), email = "thiago.santos@ufvjm.edu.br") as necessary. Flavors: r-devel-linux-x86_64-debian-clang, r-devel-linux-x86_64-debian-gcc