Last updated on 2025-07-19 04:49:32 CEST.
Flavor | Version | Tinstall | Tcheck | Ttotal | Status | Flags |
---|---|---|---|---|---|---|
r-devel-linux-x86_64-debian-clang | 1.3.0.1 | 28.77 | 77.71 | 106.48 | OK | |
r-devel-linux-x86_64-debian-gcc | 1.3.0.1 | 13.80 | 57.12 | 70.92 | OK | |
r-devel-linux-x86_64-fedora-clang | 1.3.0.1 | 164.32 | NOTE | |||
r-devel-linux-x86_64-fedora-gcc | 1.3.0.1 | 160.77 | NOTE | |||
r-devel-windows-x86_64 | 1.3.0.1 | 24.00 | 111.00 | 135.00 | OK | |
r-patched-linux-x86_64 | 1.3.0.1 | 23.08 | 74.59 | 97.67 | OK | |
r-release-linux-x86_64 | 1.3.0.1 | 22.14 | 74.66 | 96.80 | OK | |
r-release-macos-arm64 | 1.3.0.1 | 54.00 | OK | |||
r-release-macos-x86_64 | 1.3.0.1 | 92.00 | OK | |||
r-release-windows-x86_64 | 1.3.0.1 | 23.00 | 108.00 | 131.00 | OK | |
r-oldrel-macos-arm64 | 1.3.0.1 | 48.00 | OK | |||
r-oldrel-macos-x86_64 | 1.3.0.1 | 104.00 | OK | |||
r-oldrel-windows-x86_64 | 1.3.0.1 | 29.00 | 126.00 | 155.00 | OK |
Version: 1.3.0.1
Check: compiled code
Result: NOTE
File ‘PWEALL/libs/PWEALL.so’:
Found no calls to: ‘R_registerRoutines’, ‘R_useDynamicSymbols’
It is good practice to register native routines and to disable symbol
search.
See ‘Writing portable packages’ in the ‘Writing R Extensions’ manual.
Flavors: r-devel-linux-x86_64-fedora-clang, r-devel-linux-x86_64-fedora-gcc