Last updated on 2025-05-23 04:51:16 CEST.
Flavor | Version | Tinstall | Tcheck | Ttotal | Status | Flags |
---|---|---|---|---|---|---|
r-devel-linux-x86_64-debian-clang | 1.7.1 | 34.05 | 48.26 | 82.31 | NOTE | |
r-devel-linux-x86_64-debian-gcc | 1.7.1 | 25.35 | 34.17 | 59.52 | NOTE | |
r-devel-linux-x86_64-fedora-clang | 1.7.1 | 134.28 | OK | |||
r-devel-linux-x86_64-fedora-gcc | 1.7.1 | 126.95 | OK | |||
r-devel-windows-x86_64 | 1.7.1 | 32.00 | 65.00 | 97.00 | OK | |
r-patched-linux-x86_64 | 1.7.1 | 32.86 | 44.16 | 77.02 | OK | |
r-release-linux-x86_64 | 1.7.1 | 32.76 | 44.93 | 77.69 | OK | |
r-release-macos-arm64 | 1.7.1 | 46.00 | OK | |||
r-release-macos-x86_64 | 1.7.1 | 81.00 | OK | |||
r-release-windows-x86_64 | 1.7.1 | 35.00 | 65.00 | 100.00 | OK | |
r-oldrel-macos-arm64 | 1.7.1 | 49.00 | OK | |||
r-oldrel-macos-x86_64 | 1.7.1 | 61.00 | OK | |||
r-oldrel-windows-x86_64 | 1.7.1 | 46.00 | 79.00 | 125.00 | OK |
Version: 1.7.1
Check: CRAN incoming feasibility
Result: NOTE
Maintainer: ‘Przemyslaw Biecek <przemyslaw.biecek@gmail.com>’
No Authors@R field in DESCRIPTION.
Please add one, modifying
Authors@R: person(given = "Przemyslaw",
family = "Biecek",
role = c("aut", "cre"),
email = "przemyslaw.biecek@gmail.com")
as necessary.
Flavors: r-devel-linux-x86_64-debian-clang, r-devel-linux-x86_64-debian-gcc