CRAN Package Check Results for Package PoisBinOrd

Last updated on 2025-07-17 04:54:47 CEST.

Flavor Version Tinstall Tcheck Ttotal Status Flags
r-devel-linux-x86_64-debian-clang 1.4.3 7.06 55.11 62.17 NOTE
r-devel-linux-x86_64-debian-gcc 1.4.3 4.69 41.71 46.40 NOTE
r-devel-linux-x86_64-fedora-clang 1.4.3 93.25 OK
r-devel-linux-x86_64-fedora-gcc 1.4.3 88.94 OK
r-devel-windows-x86_64 1.4.3 7.00 68.00 75.00 OK
r-patched-linux-x86_64 1.4.3 6.42 52.84 59.26 OK
r-release-linux-x86_64 1.4.3 6.29 52.48 58.77 OK
r-release-macos-arm64 1.4.3 32.00 OK
r-release-macos-x86_64 1.4.3 58.00 OK
r-release-windows-x86_64 1.4.3 8.00 70.00 78.00 OK
r-oldrel-macos-arm64 1.4.3 28.00 OK
r-oldrel-macos-x86_64 1.4.3 43.00 OK
r-oldrel-windows-x86_64 1.4.3 11.00 78.00 89.00 OK

Check Details

Version: 1.4.3
Check: CRAN incoming feasibility
Result: NOTE Maintainer: ‘Ran Gao <rgao8@uic.edu>’ No Authors@R field in DESCRIPTION. Please add one, modifying Authors@R: c(person(given = "Gul", family = "Inan", role = "aut"), person(given = "Hakan", family = "Demirtas", role = "aut"), person(given = "Ran", family = "Gao", role = c("aut", "cre"), email = "rgao8@uic.edu")) as necessary. Flavors: r-devel-linux-x86_64-debian-clang, r-devel-linux-x86_64-debian-gcc