Last updated on 2025-07-19 04:49:33 CEST.
Flavor | Version | Tinstall | Tcheck | Ttotal | Status | Flags |
---|---|---|---|---|---|---|
r-devel-linux-x86_64-debian-clang | 0.8-9 | 52.41 | 164.65 | 217.06 | NOTE | |
r-devel-linux-x86_64-debian-gcc | 0.8-9 | 34.93 | 108.56 | 143.49 | NOTE | |
r-devel-linux-x86_64-fedora-clang | 0.8-9 | 345.20 | OK | |||
r-devel-linux-x86_64-fedora-gcc | 0.8-9 | 329.06 | OK | |||
r-devel-windows-x86_64 | 0.8-9 | 48.00 | 160.00 | 208.00 | NOTE | |
r-patched-linux-x86_64 | 0.8-9 | 52.62 | 157.05 | 209.67 | NOTE | |
r-release-linux-x86_64 | 0.8-9 | 47.64 | 155.24 | 202.88 | NOTE | |
r-release-macos-arm64 | 0.8-9 | 82.00 | OK | |||
r-release-macos-x86_64 | 0.8-9 | 179.00 | OK | |||
r-release-windows-x86_64 | 0.8-9 | 46.00 | 159.00 | 205.00 | NOTE | |
r-oldrel-macos-arm64 | 0.8-9 | 80.00 | OK | |||
r-oldrel-macos-x86_64 | 0.8-9 | 135.00 | OK | |||
r-oldrel-windows-x86_64 | 0.8-9 | 69.00 | 204.00 | 273.00 | OK |
Version: 0.8-9
Check: Rd cross-references
Result: NOTE
Found the following Rd file(s) with Rd \link{} targets missing package
anchors:
runMLwiN.Rd: mcmc.list
sixway.Rd: mcmc, mcmc.list
Please provide package anchors for all Rd \link{} targets not in the
package itself and the base packages.
Flavors: r-devel-linux-x86_64-debian-clang, r-devel-linux-x86_64-debian-gcc, r-devel-windows-x86_64, r-patched-linux-x86_64, r-release-linux-x86_64, r-release-windows-x86_64